/2) is divided by 12?
9
Suppose 14*j + 3 = 15*j. Suppose -5*n + 12 = -38. What is the remainder when n is divided by j?
1
Let k = 7 + -9. Calculate the remainder when -2 + (0 - (-17 + k)) is divided by 5.
2
Suppose -4*o - 19 = 9. Suppose 4*d = 7*d + 15. Let a = d - o. Calculate the remainder when 4 is divided by a.
0
Suppose -4*n = j - 154, 16*n - 11*n + 4*j - 198 = 0. Calculate the remainder when n is divided by 8.
6
Let f(b) = -b**2 - b + 20. Let g = 80 + -52. Let z = g + -17. Calculate the remainder when f(0) is divided by z.
9
Let r(y) = 2*y - 5. Let v be (1 - (-2 + -1)) + -1. Suppose -v*l - 2 + 17 = 0. Calculate the remainder when l is divided by r(4).
2
Suppose 4*h + 6 = u, -3*u - 2*u = 3*h - 7. Suppose u*n + 29 = 135. What is the remainder when n is divided by ((-2)/(-5))/((-3)/(-15)) + 16?
17
Let r = 37 - -70. Calculate the remainder when r is divided by 27.
26
Let v be 2*2/12*-3. Suppose -2*s + 2*p = -28, -3*p - 51 = -4*s + 4. Let u = s - v. What is the remainder when u is divided by 8?
6
Suppose -4*a - 4 = 0, -5*a + a = -p + 47. Let q = -16 + 28. Suppose -2*m + k + 27 = -0*m, m - k - q = 0. Calculate the remainder when p is divided by m.
13
Suppose -98*u - 175 = -103*u. What is the remainder when u is divided by 21?
14
Let m be 0 - (-1 - -7)/(-3). Let v be (-514)/(-10) - m/5. Let n = 88 - v. What is the remainder when n is divided by 13?
11
Let o be 1/3*(1 - 4). Suppose 217 = 4*s - 3*f, -4*s + 163 = f - 42. Calculate the remainder when s is divided by 20 - (-1)/o - 1.
16
Let h = -1 - -6. Let c(f) = f**2 - 3*f - 6. What is the remainder when 7 is divided by c(h)?
3
What is the remainder when (-10)/(-4)*(3 + (-123)/(-5)) is divided by 8?
5
What is the remainder when 27 + (-2)/(3 + -4) is divided by 8?
5
Let s(t) = 3*t**2 + 1. Suppose 9*f + 1 - 100 = 0. What is the remainder when f is divided by s(-1)?
3
Suppose -h + 5*a + 36 = a, a + 5 = 0. Let k = 0 + h. What is the remainder when 29 is divided by k?
13
Let b(y) = 5 + 5 - 2*y + 0*y - 6. Let t(s) = -6*s + 11. Let f(c) = -8*b(c) + 3*t(c). What is the remainder when 4 is divided by f(-1)?
1
Let a be 0 - (-3 + -1 + -2). Suppose 0 = -5*p + a*p - 12. Calculate the remainder when 22 is divided by p.
10
Suppose -3*h = -2*h + 28. Let v = h - -41. Suppose -3*l - 17 - v = -5*i, 0 = -5*l. What is the remainder when i is divided by 4?
2
Let h(u) = -u + 4. What is the remainder when 164 is divided by h(-24)?
24
Let i(y) = -y**3 + 8*y**2 + y + 7. Suppose -3*j + 188 = j - 4*p, 191 = 4*j - 5*p. Calculate the remainder when j is divided by i(8).
14
Suppose -167 = -20*k - 47. What is the remainder when (-3 + -1)*-4 - -1 is divided by k?
5
Suppose -2*h = 2*n - 61 - 29, h + 225 = 5*n. What is the remainder when n is divided by 2/4 - (-23)/2?
9
Let r(d) = -2*d**3 - 4*d**2 + 8. Calculate the remainder when 26 is divided by r(-2).
2
Let p(q) = q + 9. Let r be p(-7). Suppose 6 = -r*h + 4*v, 5*v = 12 + 3. Suppose 24 + 3 = h*s. What is the remainder when s is divided by 5?
4
Suppose -2*d = -25 - 21. Let s = d + -16. Calculate the remainder when 13 is divided by s.
6
Let v(z) be the first derivative of -1/2*z**4 - 2*z + 2 - 2/3*z**3 - z**2. Calculate the remainder when 18 is divided by v(-2).
8
Calculate the remainder when 69 is divided by 2030/84 + (-1)/6.
21
Suppose 0*x + 6 = x. Suppose 0 = 3*o - 0 - x. Suppose o*h - 111 = -2*y + 3*h, 0 = -y + 4*h + 73. Calculate the remainder when y is divided by 18.
17
Let q be 28/6 + (-1)/(-3). Suppose -3*w = q - 41. Let k(s) = 22*s**2 - s + 1. Calculate the remainder when k(1) is divided by w.
10
Suppose 2*m + 2 = -2*w + 4*w, -5*m + 3 = -3*w. Let d(a) = 4*a**3 - 2*a**2 + 2*a - 2. Calculate the remainder when d(m) is divided by 24.
22
Let c(w) = 7*w - 1. What is the remainder when c(4) is divided by 16 - (4 - (2 - 0))?
13
Let q = 50 - 45. What is the remainder when 12 is divided by q?
2
Let l(d) = -3*d**2 + 4*d**2 - d + 3 + 0*d**2 - d. Let y be l(5). Suppose 4*m - 14 = -4*c + c, -c = 4*m - y. What is the remainder when 14 is divided by m?
4
Let h(s) = -4*s + 4 + 3*s - 5. Let m(u) = -2*u**2 + 8*u + 11. Let w(n) = -4*h(n) - m(n). Calculate the remainder when w(6) is divided by 14.
13
Suppose 3*a - 4*q + 7 - 27 = 0, -2*a - 10 = 2*q. Suppose a = 13*v - 9*v - 52. Let h(k) = 2*k**2 - k. Calculate the remainder when h(-4) is divided by v.
10
What is the remainder when 1281/14 - (-2 + 3)/2 is divided by 25?
16
Suppose 2*r + 144 = 4*r. What is the remainder when r is divided by 15?
12
Suppose -235 = -3*x - 2*t, -5*t + 62 = 3*x - 170. Calculate the remainder when x is divided by 20.
19
What is the remainder when (-5)/(-40) + 254/16 is divided by 6?
4
Suppose -5*d = 2*l - 23, 5*l + 45 = -3*d + 150. What is the remainder when 141 is divided by l?
21
Let i = 40 + -24. Suppose -5*m + i = 1. Let h(u) = -4*u + 22. What is the remainder when m is divided by h(5)?
1
Let z = 51 - -35. Suppose 4*f - z = 70. What is the remainder when f is divided by 10?
9
Let d = 100 - 85. Calculate the remainder when 57 is divided by d.
12
Let h be (-4)/((-2 - -3) + -3). Suppose 0 = -3*b - 0*b + 3*j + 12, -3*b - 2*j + h = 0. Calculate the remainder when 2 - (-2 + 2 - 3) is divided by b.
1
Let v(k) = k**3 - 3*k**2 + 1. Let w be v(3). Let p = 1 - -15. Calculate the remainder when -2 - (32 + w)*-1 is divided by p.
15
What is the remainder when -5 + 101 + 0 + -2 is divided by 32?
30
Let c(i) = 2*i**2 - 7*i - 4. Suppose 0 = -2*g + 5*s - 13 - 27, -g + s - 14 = 0. Let j(n) = n**2 + 3*n - 19. What is the remainder when j(g) is divided by c(6)?
25
Calculate the remainder when ((-30030)/(-48))/13 - 2/16 is divided by 17.
14
Suppose -5*j + 10*j + 4*f = -20, -5 = 2*j + f. Suppose j = -2*v + 10 + 20. Calculate the remainder when v is divided by 8.
7
Suppose 0 = 7*r - 129 - 116. Calculate the remainder when r is divided by 18.
17
Suppose -4*s + 13 = -7. Let m be (-76)/(-16) + (-1)/(-4). Suppose s*r - 30 = -m*p, 4*r - 6*r + 19 = 3*p. Calculate the remainder when p is divided by 2.
1
Let t(u) = -u**2 - 11*u + 12. Suppose -3*j + j - 18 = 0. What is the remainder when t(j) is divided by 11?
8
Let y = -63 - -127. Calculate the remainder when y is divided by -1*(20 - -2)*2/(-4).
9
Suppose 0 = 4*i + 49 - 209. Calculate the remainder when i is divided by 21.
19
Calculate the remainder when -10 + 88 + -3*1 + 0 is divided by 19.
18
Let c = 60 - 30. Let l = 21 + -13. Calculate the remainder when c is divided by l.
6
Let m(y) = -y**2 - 4*y - 1. Let q be m(-3). Suppose -q*t = -a - 0*a + 12, -t - 31 = -3*a. Calculate the remainder when 18 is divided by a.
8
What is the remainder when 36 is divided by (27 - 1) + (-33 - -27)?
16
Let r(x) = -x + 10. Calculate the remainder when 61 is divided by r(-6).
13
Suppose 9*n + 2*w = 4*n + 15, -5*n - 3*w + 10 = 0. Suppose -2*z = m - n*z, -z - 4 = -m. What is the remainder when m is divided by 3?
0
Let y = 44 + -37. What is the remainder when y is divided by 2/(-7) + (-60)/(-14)?
3
Suppose 72 = 5*x + v, -3*x = 4*v + v - 52. Let u(y) = 7*y**2 - 2*y + 3. Suppose -2*z = 5*n - 4, 5*n = n. What is the remainder when u(z) is divided by x?
13
Suppose 0 = 4*h - 4*m - 24, -2*m = 5*h - 2*h - 23. Let i(j) = -j**3 + 6*j**2 + 8*j + 1. Calculate the remainder when i(h) is divided by 5.
3
Let y = 125 - 64. Calculate the remainder when y is divided by 16.
13
Suppose -k + 3*k + 28 = 0. Let u = k + 34. Calculate the remainder when 59 is divided by u.
19
Let v(a) = a**3 + 7*a**2 - 8*a - 10. Let r(z) = z + 7. Let x be r(-4). Suppose -2*k + 80 = x*k. What is the remainder when v(-7) is divided by k?
14
Let w(y) = 30*y**2 - 1. Calculate the remainder when w(-1) is divided by 16.
13
Let l = -65 + 87. Calculate the remainder when 63 is divided by l.
19
Suppose -d + 4 = -5*f + 3, 3*d = -5*f + 3. Let m = f + 4. What is the remainder when m is divided by ((-6)/(-8))/((-1)/(-4))?
1
Let t = 28 - 16. What is the remainder when 22 is divided by t?
10
Calculate the remainder when 24 is divided by (-29)/(-2) + 3/(-2).
11
Suppose 8*v - 25 = 3*v. Suppose 9*c - v*c - 168 = 0. Calculate the remainder when c is divided by 15.
12
Suppose -19*m = -206 - 3. What is the remainder when 41 is divided by m?
8
Suppose -3 = 2*g - 25. Suppose 2*l - 39 = 21. What is the remainder when l is divided by g?
8
Let j(n) = n - 1. Let h(r) = 21*r - 81